{"id":6606,"date":"2024-05-23T11:28:03","date_gmt":"2024-05-23T16:28:03","guid":{"rendered":"https:\/\/usml.edu\/?post_type=tribe_events&#038;p=6606"},"modified":"2024-07-11T09:51:58","modified_gmt":"2024-07-11T14:51:58","slug":"el-llamado-del-papa-a-la-escucha-y-el-discernimiento","status":"publish","type":"tribe_events","link":"https:\/\/usml.edu\/es\/event\/el-llamado-del-papa-a-la-escucha-y-el-discernimiento\/","title":{"rendered":"El llamado del Papa a la Escucha y el Discernimiento"},"content":{"rendered":"<h2><em><span style=\"color: #002856;\">Serie de talleres Armon\u00eda en Acci\u00f3n: El llamad<\/span><\/em><\/h2>\n<p><strong><span style=\"color: #7a232e;\">Debido a conflictos de programaci\u00f3n, este evento ha sido cancelado. Pedimos disculpas por las molestias.<\/span><\/strong><br \/>\n\u00bfLe apasiona servir a su comunidad parroquial y generar un impacto positivo?<\/p>\n<p>Te invitamos a asistir a talleres gratuitos de nuestra serie Armon\u00eda en Acci\u00f3n.<\/p>\n<p>Cada ma\u00f1ana de la serie incluir\u00e1 una sesi\u00f3n interactiva donde obtendr\u00e1 una muestra de nuestro estilo acad\u00e9mico, d\u00edas de formaci\u00f3n y m\u00e1s informaci\u00f3n sobre todos nuestros programas parroquiales.<\/p>\n<p>Juntos, el acompa\u00f1amiento, la sinodalidad y la Eucarist\u00eda forman un tr\u00edptico de gracia, que nos invita a una comuni\u00f3n m\u00e1s profunda unos con otros. Mientras caminamos juntos, permita que estos tres principios nos inspiren y nos acerquen al coraz\u00f3n de Cristo.<\/p>\n<p><a href=\"https:\/\/usml.edu\/es\/el-llamado-del-papa-a-la-escucha-y-el-discernimiento\/\">Obtenga m\u00e1s informaci\u00f3n y confirme su asistencia<\/a><\/p>","protected":false},"excerpt":{"rendered":"<p>Serie de talleres Armon\u00eda en Acci\u00f3n: El llamad Debido a conflictos de programaci\u00f3n, este evento ha sido cancelado. Pedimos disculpas por las molestias. \u00bfLe apasiona servir a su comunidad parroquial&#8230;<\/p>","protected":false},"author":17,"featured_media":7836,"template":"","meta":{"_acf_changed":false,"_kad_blocks_custom_css":"","_kad_blocks_head_custom_js":"","_kad_blocks_body_custom_js":"","_kad_blocks_footer_custom_js":"","_kadence_starter_templates_imported_post":false,"_kad_post_transparent":"","_kad_post_title":"","_kad_post_layout":"","_kad_post_sidebar_id":"","_kad_post_content_style":"","_kad_post_vertical_padding":"","_kad_post_feature":"","_kad_post_feature_position":"","_kad_post_header":false,"_kad_post_footer":false,"_tribe_events_status":"","_tribe_events_status_reason":"","footnotes":""},"tags":[],"tribe_events_cat":[57],"class_list":["post-6606","tribe_events","type-tribe_events","status-publish","has-post-thumbnail","hentry","tribe_events_cat-ele","cat_ele"],"acf":[],"yoast_head":"<!-- This site is optimized with the Yoast SEO plugin v27.5 - https:\/\/yoast.com\/product\/yoast-seo-wordpress\/ -->\n<title>El llamado del Papa a la Escucha y el Discernimiento - USML<\/title>\n<meta name=\"robots\" content=\"index, follow, max-snippet:-1, max-image-preview:large, max-video-preview:-1\" \/>\n<link rel=\"canonical\" href=\"https:\/\/usml.edu\/es\/event\/el-llamado-del-papa-a-la-escucha-y-el-discernimiento\/\" \/>\n<meta property=\"og:locale\" content=\"es_MX\" \/>\n<meta property=\"og:type\" content=\"article\" \/>\n<meta property=\"og:title\" content=\"El llamado del Papa a la Escucha y el Discernimiento - USML\" \/>\n<meta property=\"og:description\" content=\"Serie de talleres Armon\u00eda en Acci\u00f3n: El llamad Debido a conflictos de programaci\u00f3n, este evento ha sido cancelado. Pedimos disculpas por las molestias. \u00bfLe apasiona servir a su comunidad parroquial...\" \/>\n<meta property=\"og:url\" content=\"https:\/\/usml.edu\/es\/event\/el-llamado-del-papa-a-la-escucha-y-el-discernimiento\/\" \/>\n<meta property=\"og:site_name\" content=\"USML\" \/>\n<meta property=\"article:publisher\" content=\"https:\/\/www.facebook.com\/UniversityofSaintMaryoftheLake\" \/>\n<meta property=\"article:modified_time\" content=\"2024-07-11T14:51:58+00:00\" \/>\n<meta property=\"og:image\" content=\"https:\/\/usml.edu\/wp-content\/uploads\/El-llamado-del-Papa-a-la-Escucha-y-el-Discernimiento-feature-image-cancelled.jpg\" \/>\n\t<meta property=\"og:image:width\" content=\"1200\" \/>\n\t<meta property=\"og:image:height\" content=\"628\" \/>\n\t<meta property=\"og:image:type\" content=\"image\/jpeg\" \/>\n<meta name=\"twitter:card\" content=\"summary_large_image\" \/>\n<meta name=\"twitter:site\" content=\"@MundeleinSem\" \/>\n<script type=\"application\/ld+json\" class=\"yoast-schema-graph\">{\"@context\":\"https:\\\/\\\/schema.org\",\"@graph\":[{\"@type\":\"WebPage\",\"@id\":\"https:\\\/\\\/usml.edu\\\/event\\\/el-llamado-del-papa-a-la-escucha-y-el-discernimiento\\\/\",\"url\":\"https:\\\/\\\/usml.edu\\\/event\\\/el-llamado-del-papa-a-la-escucha-y-el-discernimiento\\\/\",\"name\":\"El llamado del Papa a la Escucha y el Discernimiento - USML\",\"isPartOf\":{\"@id\":\"https:\\\/\\\/usml.edu\\\/#website\"},\"primaryImageOfPage\":{\"@id\":\"https:\\\/\\\/usml.edu\\\/event\\\/el-llamado-del-papa-a-la-escucha-y-el-discernimiento\\\/#primaryimage\"},\"image\":{\"@id\":\"https:\\\/\\\/usml.edu\\\/event\\\/el-llamado-del-papa-a-la-escucha-y-el-discernimiento\\\/#primaryimage\"},\"thumbnailUrl\":\"https:\\\/\\\/usml.edu\\\/wp-content\\\/uploads\\\/El-llamado-del-Papa-a-la-Escucha-y-el-Discernimiento-feature-image-cancelled.jpg\",\"datePublished\":\"2024-05-23T16:28:03+00:00\",\"dateModified\":\"2024-07-11T14:51:58+00:00\",\"breadcrumb\":{\"@id\":\"https:\\\/\\\/usml.edu\\\/event\\\/el-llamado-del-papa-a-la-escucha-y-el-discernimiento\\\/#breadcrumb\"},\"inLanguage\":\"es\",\"potentialAction\":[{\"@type\":\"ReadAction\",\"target\":[\"https:\\\/\\\/usml.edu\\\/event\\\/el-llamado-del-papa-a-la-escucha-y-el-discernimiento\\\/\"]}]},{\"@type\":\"ImageObject\",\"inLanguage\":\"es\",\"@id\":\"https:\\\/\\\/usml.edu\\\/event\\\/el-llamado-del-papa-a-la-escucha-y-el-discernimiento\\\/#primaryimage\",\"url\":\"https:\\\/\\\/usml.edu\\\/wp-content\\\/uploads\\\/El-llamado-del-Papa-a-la-Escucha-y-el-Discernimiento-feature-image-cancelled.jpg\",\"contentUrl\":\"https:\\\/\\\/usml.edu\\\/wp-content\\\/uploads\\\/El-llamado-del-Papa-a-la-Escucha-y-el-Discernimiento-feature-image-cancelled.jpg\",\"width\":1200,\"height\":628},{\"@type\":\"BreadcrumbList\",\"@id\":\"https:\\\/\\\/usml.edu\\\/event\\\/el-llamado-del-papa-a-la-escucha-y-el-discernimiento\\\/#breadcrumb\",\"itemListElement\":[{\"@type\":\"ListItem\",\"position\":1,\"name\":\"Home\",\"item\":\"https:\\\/\\\/usml.edu\\\/\"},{\"@type\":\"ListItem\",\"position\":2,\"name\":\"Events\",\"item\":\"https:\\\/\\\/usml.edu\\\/events\\\/\"},{\"@type\":\"ListItem\",\"position\":3,\"name\":\"El llamado del Papa a la Escucha y el Discernimiento\"}]},{\"@type\":\"WebSite\",\"@id\":\"https:\\\/\\\/usml.edu\\\/#website\",\"url\":\"https:\\\/\\\/usml.edu\\\/\",\"name\":\"University of Saint Mary of the Lake\",\"description\":\"\",\"publisher\":{\"@id\":\"https:\\\/\\\/usml.edu\\\/#organization\"},\"potentialAction\":[{\"@type\":\"SearchAction\",\"target\":{\"@type\":\"EntryPoint\",\"urlTemplate\":\"https:\\\/\\\/usml.edu\\\/?s={search_term_string}\"},\"query-input\":{\"@type\":\"PropertyValueSpecification\",\"valueRequired\":true,\"valueName\":\"search_term_string\"}}],\"inLanguage\":\"es\"},{\"@type\":\"Organization\",\"@id\":\"https:\\\/\\\/usml.edu\\\/#organization\",\"name\":\"University of Saint Mary of the Lake\",\"url\":\"https:\\\/\\\/usml.edu\\\/\",\"logo\":{\"@type\":\"ImageObject\",\"inLanguage\":\"es\",\"@id\":\"https:\\\/\\\/usml.edu\\\/#\\\/schema\\\/logo\\\/image\\\/\",\"url\":\"\",\"contentUrl\":\"\",\"caption\":\"University of Saint Mary of the Lake\"},\"image\":{\"@id\":\"https:\\\/\\\/usml.edu\\\/#\\\/schema\\\/logo\\\/image\\\/\"},\"sameAs\":[\"https:\\\/\\\/www.facebook.com\\\/UniversityofSaintMaryoftheLake\",\"https:\\\/\\\/x.com\\\/MundeleinSem\",\"https:\\\/\\\/www.instagram.com\\\/mundeleinsem\\\/\",\"https:\\\/\\\/www.youtube.com\\\/user\\\/MundeleinSeminary\"]}]}<\/script>\n<!-- \/ Yoast SEO plugin. -->","yoast_head_json":{"title":"El llamado del Papa a la Escucha y el Discernimiento - USML","robots":{"index":"index","follow":"follow","max-snippet":"max-snippet:-1","max-image-preview":"max-image-preview:large","max-video-preview":"max-video-preview:-1"},"canonical":"https:\/\/usml.edu\/es\/event\/el-llamado-del-papa-a-la-escucha-y-el-discernimiento\/","og_locale":"es_MX","og_type":"article","og_title":"El llamado del Papa a la Escucha y el Discernimiento - USML","og_description":"Serie de talleres Armon\u00eda en Acci\u00f3n: El llamad Debido a conflictos de programaci\u00f3n, este evento ha sido cancelado. Pedimos disculpas por las molestias. \u00bfLe apasiona servir a su comunidad parroquial...","og_url":"https:\/\/usml.edu\/es\/event\/el-llamado-del-papa-a-la-escucha-y-el-discernimiento\/","og_site_name":"USML","article_publisher":"https:\/\/www.facebook.com\/UniversityofSaintMaryoftheLake","article_modified_time":"2024-07-11T14:51:58+00:00","og_image":[{"width":1200,"height":628,"url":"https:\/\/usml.edu\/wp-content\/uploads\/El-llamado-del-Papa-a-la-Escucha-y-el-Discernimiento-feature-image-cancelled.jpg","type":"image\/jpeg"}],"twitter_card":"summary_large_image","twitter_site":"@MundeleinSem","schema":{"@context":"https:\/\/schema.org","@graph":[{"@type":"WebPage","@id":"https:\/\/usml.edu\/event\/el-llamado-del-papa-a-la-escucha-y-el-discernimiento\/","url":"https:\/\/usml.edu\/event\/el-llamado-del-papa-a-la-escucha-y-el-discernimiento\/","name":"El llamado del Papa a la Escucha y el Discernimiento - USML","isPartOf":{"@id":"https:\/\/usml.edu\/#website"},"primaryImageOfPage":{"@id":"https:\/\/usml.edu\/event\/el-llamado-del-papa-a-la-escucha-y-el-discernimiento\/#primaryimage"},"image":{"@id":"https:\/\/usml.edu\/event\/el-llamado-del-papa-a-la-escucha-y-el-discernimiento\/#primaryimage"},"thumbnailUrl":"https:\/\/usml.edu\/wp-content\/uploads\/El-llamado-del-Papa-a-la-Escucha-y-el-Discernimiento-feature-image-cancelled.jpg","datePublished":"2024-05-23T16:28:03+00:00","dateModified":"2024-07-11T14:51:58+00:00","breadcrumb":{"@id":"https:\/\/usml.edu\/event\/el-llamado-del-papa-a-la-escucha-y-el-discernimiento\/#breadcrumb"},"inLanguage":"es","potentialAction":[{"@type":"ReadAction","target":["https:\/\/usml.edu\/event\/el-llamado-del-papa-a-la-escucha-y-el-discernimiento\/"]}]},{"@type":"ImageObject","inLanguage":"es","@id":"https:\/\/usml.edu\/event\/el-llamado-del-papa-a-la-escucha-y-el-discernimiento\/#primaryimage","url":"https:\/\/usml.edu\/wp-content\/uploads\/El-llamado-del-Papa-a-la-Escucha-y-el-Discernimiento-feature-image-cancelled.jpg","contentUrl":"https:\/\/usml.edu\/wp-content\/uploads\/El-llamado-del-Papa-a-la-Escucha-y-el-Discernimiento-feature-image-cancelled.jpg","width":1200,"height":628},{"@type":"BreadcrumbList","@id":"https:\/\/usml.edu\/event\/el-llamado-del-papa-a-la-escucha-y-el-discernimiento\/#breadcrumb","itemListElement":[{"@type":"ListItem","position":1,"name":"Home","item":"https:\/\/usml.edu\/"},{"@type":"ListItem","position":2,"name":"Events","item":"https:\/\/usml.edu\/events\/"},{"@type":"ListItem","position":3,"name":"El llamado del Papa a la Escucha y el Discernimiento"}]},{"@type":"WebSite","@id":"https:\/\/usml.edu\/#website","url":"https:\/\/usml.edu\/","name":"Universidad de Santa Mar\u00eda del Lago","description":"","publisher":{"@id":"https:\/\/usml.edu\/#organization"},"potentialAction":[{"@type":"SearchAction","target":{"@type":"EntryPoint","urlTemplate":"https:\/\/usml.edu\/?s={search_term_string}"},"query-input":{"@type":"PropertyValueSpecification","valueRequired":true,"valueName":"search_term_string"}}],"inLanguage":"es"},{"@type":"Organization","@id":"https:\/\/usml.edu\/#organization","name":"Universidad de Santa Mar\u00eda del Lago","url":"https:\/\/usml.edu\/","logo":{"@type":"ImageObject","inLanguage":"es","@id":"https:\/\/usml.edu\/#\/schema\/logo\/image\/","url":"","contentUrl":"","caption":"University of Saint Mary of the Lake"},"image":{"@id":"https:\/\/usml.edu\/#\/schema\/logo\/image\/"},"sameAs":["https:\/\/www.facebook.com\/UniversityofSaintMaryoftheLake","https:\/\/x.com\/MundeleinSem","https:\/\/www.instagram.com\/mundeleinsem\/","https:\/\/www.youtube.com\/user\/MundeleinSeminary"]}]}},"taxonomy_info":{"tribe_events_cat":[{"value":57,"label":"ELE"}]},"featured_image_src_large":["https:\/\/usml.edu\/wp-content\/uploads\/El-llamado-del-Papa-a-la-Escucha-y-el-Discernimiento-feature-image-cancelled-1024x536.jpg",1024,536,true],"author_info":{"display_name":"Tim Klunder","author_link":"https:\/\/usml.edu\/es\/author\/tklunder\/"},"comment_info":"","publishpress_future_action":{"enabled":false,"date":"2026-05-08 06:46:17","action":"change-status","newStatus":"draft","terms":[],"taxonomy":"post_tag","extraData":[]},"publishpress_future_workflow_manual_trigger":{"enabledWorkflows":[]},"_links":{"self":[{"href":"https:\/\/usml.edu\/es\/wp-json\/wp\/v2\/tribe_events\/6606","targetHints":{"allow":["GET"]}}],"collection":[{"href":"https:\/\/usml.edu\/es\/wp-json\/wp\/v2\/tribe_events"}],"about":[{"href":"https:\/\/usml.edu\/es\/wp-json\/wp\/v2\/types\/tribe_events"}],"author":[{"embeddable":true,"href":"https:\/\/usml.edu\/es\/wp-json\/wp\/v2\/users\/17"}],"version-history":[{"count":0,"href":"https:\/\/usml.edu\/es\/wp-json\/wp\/v2\/tribe_events\/6606\/revisions"}],"wp:featuredmedia":[{"embeddable":true,"href":"https:\/\/usml.edu\/es\/wp-json\/wp\/v2\/media\/7836"}],"wp:attachment":[{"href":"https:\/\/usml.edu\/es\/wp-json\/wp\/v2\/media?parent=6606"}],"wp:term":[{"taxonomy":"post_tag","embeddable":true,"href":"https:\/\/usml.edu\/es\/wp-json\/wp\/v2\/tags?post=6606"},{"taxonomy":"tribe_events_cat","embeddable":true,"href":"https:\/\/usml.edu\/es\/wp-json\/wp\/v2\/tribe_events_cat?post=6606"}],"curies":[{"name":"wp","href":"https:\/\/api.w.org\/{rel}","templated":true}]}}

<h2><em><span style="color: #002856;">Serie de talleres Armonía en Acción: El llamad</span></em></h2>
<p><strong><span style="color: #7a232e;">Debido a conflictos de programación, este evento ha sido cancelado. Pedimos disculpas por las molestias.</span></strong><br />
¿Le apasiona servir a su comunidad parroquial y generar un impacto positivo?</p>
<p>Te invitamos a asistir a talleres gratuitos de nuestra serie Armonía en Acción.</p>
<p>Cada mañana de la serie incluirá una sesión interactiva donde obtendrá una muestra de nuestro estilo académico, días de formación y más información sobre todos nuestros programas parroquiales.</p>
<p>Juntos, el acompañamiento, la sinodalidad y la Eucaristía forman un tríptico de gracia, que nos invita a una comunión más profunda unos con otros. Mientras caminamos juntos, permita que estos tres principios nos inspiren y nos acerquen al corazón de Cristo.</p>
<p><a href="https://usml.edu/es/el-llamado-del-papa-a-la-escucha-y-el-discernimiento/">Obtenga más información y confirme su asistencia</a></p>

<p>Serie de talleres Armonía en Acción: El llamad Debido a conflictos de programación, este evento ha sido cancelado. Pedimos disculpas por las molestias. ¿Le apasiona servir a su comunidad parroquial&#8230;</p>

<!-- This site is optimized with the Yoast SEO plugin v27.5 - https://yoast.com/product/yoast-seo-wordpress/ -->
<title>El llamado del Papa a la Escucha y el Discernimiento - USML</title>
<meta name="robots" content="index, follow, max-snippet:-1, max-image-preview:large, max-video-preview:-1" />
<link rel="canonical" href="https://usml.edu/es/event/el-llamado-del-papa-a-la-escucha-y-el-discernimiento/" />
<meta property="og:locale" content="es_MX" />
<meta property="og:type" content="article" />
<meta property="og:title" content="El llamado del Papa a la Escucha y el Discernimiento - USML" />
<meta property="og:description" content="Serie de talleres Armonía en Acción: El llamad Debido a conflictos de programación, este evento ha sido cancelado. Pedimos disculpas por las molestias. ¿Le apasiona servir a su comunidad parroquial..." />
<meta property="og:url" content="https://usml.edu/es/event/el-llamado-del-papa-a-la-escucha-y-el-discernimiento/" />
<meta property="og:site_name" content="USML" />
<meta property="article:publisher" content="https://www.facebook.com/UniversityofSaintMaryoftheLake" />
<meta property="article:modified_time" content="2024-07-11T14:51:58+00:00" />
<meta property="og:image" content="https://usml.edu/wp-content/uploads/El-llamado-del-Papa-a-la-Escucha-y-el-Discernimiento-feature-image-cancelled.jpg" />
	<meta property="og:image:width" content="1200" />
	<meta property="og:image:height" content="628" />
	<meta property="og:image:type" content="image/jpeg" />
<meta name="twitter:card" content="summary_large_image" />
<meta name="twitter:site" content="@MundeleinSem" />
<script type="application/ld+json" class="yoast-schema-graph">{"@context":"https:\/\/schema.org","@graph":[{"@type":"WebPage","@id":"https:\/\/usml.edu\/event\/el-llamado-del-papa-a-la-escucha-y-el-discernimiento\/","url":"https:\/\/usml.edu\/event\/el-llamado-del-papa-a-la-escucha-y-el-discernimiento\/","name":"El llamado del Papa a la Escucha y el Discernimiento - USML","isPartOf":{"@id":"https:\/\/usml.edu\/#website"},"primaryImageOfPage":{"@id":"https:\/\/usml.edu\/event\/el-llamado-del-papa-a-la-escucha-y-el-discernimiento\/#primaryimage"},"image":{"@id":"https:\/\/usml.edu\/event\/el-llamado-del-papa-a-la-escucha-y-el-discernimiento\/#primaryimage"},"thumbnailUrl":"https:\/\/usml.edu\/wp-content\/uploads\/El-llamado-del-Papa-a-la-Escucha-y-el-Discernimiento-feature-image-cancelled.jpg","datePublished":"2024-05-23T16:28:03+00:00","dateModified":"2024-07-11T14:51:58+00:00","breadcrumb":{"@id":"https:\/\/usml.edu\/event\/el-llamado-del-papa-a-la-escucha-y-el-discernimiento\/#breadcrumb"},"inLanguage":"es","potentialAction":[{"@type":"ReadAction","target":["https:\/\/usml.edu\/event\/el-llamado-del-papa-a-la-escucha-y-el-discernimiento\/"]}]},{"@type":"ImageObject","inLanguage":"es","@id":"https:\/\/usml.edu\/event\/el-llamado-del-papa-a-la-escucha-y-el-discernimiento\/#primaryimage","url":"https:\/\/usml.edu\/wp-content\/uploads\/El-llamado-del-Papa-a-la-Escucha-y-el-Discernimiento-feature-image-cancelled.jpg","contentUrl":"https:\/\/usml.edu\/wp-content\/uploads\/El-llamado-del-Papa-a-la-Escucha-y-el-Discernimiento-feature-image-cancelled.jpg","width":1200,"height":628},{"@type":"BreadcrumbList","@id":"https:\/\/usml.edu\/event\/el-llamado-del-papa-a-la-escucha-y-el-discernimiento\/#breadcrumb","itemListElement":[{"@type":"ListItem","position":1,"name":"Home","item":"https:\/\/usml.edu\/"},{"@type":"ListItem","position":2,"name":"Events","item":"https:\/\/usml.edu\/events\/"},{"@type":"ListItem","position":3,"name":"El llamado del Papa a la Escucha y el Discernimiento"}]},{"@type":"WebSite","@id":"https:\/\/usml.edu\/#website","url":"https:\/\/usml.edu\/","name":"University of Saint Mary of the Lake","description":"","publisher":{"@id":"https:\/\/usml.edu\/#organization"},"potentialAction":[{"@type":"SearchAction","target":{"@type":"EntryPoint","urlTemplate":"https:\/\/usml.edu\/?s={search_term_string}"},"query-input":{"@type":"PropertyValueSpecification","valueRequired":true,"valueName":"search_term_string"}}],"inLanguage":"es"},{"@type":"Organization","@id":"https:\/\/usml.edu\/#organization","name":"University of Saint Mary of the Lake","url":"https:\/\/usml.edu\/","logo":{"@type":"ImageObject","inLanguage":"es","@id":"https:\/\/usml.edu\/#\/schema\/logo\/image\/","url":"","contentUrl":"","caption":"University of Saint Mary of the Lake"},"image":{"@id":"https:\/\/usml.edu\/#\/schema\/logo\/image\/"},"sameAs":["https:\/\/www.facebook.com\/UniversityofSaintMaryoftheLake","https:\/\/x.com\/MundeleinSem","https:\/\/www.instagram.com\/mundeleinsem\/","https:\/\/www.youtube.com\/user\/MundeleinSeminary"]}]}</script>
<!-- / Yoast SEO plugin. -->

Serie de talleres Armonía en Acción: El llamad Debido a conflictos de programación, este evento ha sido cancelado. Pedimos disculpas por las molestias. ¿Le apasiona servir a su comunidad parroquial...

Universidad de Santa María del Lago
